 13008?
13008
In base 5, what is -11240143 - 1?
-11240144
In base 9, what is -7 + -12345?
-12353
In base 9, what is -26 + -37407?
-37434
In base 11, what is 2043 + -3?
2040
In base 6, what is -3415300 - -1?
-3415255
In base 11, what is 1a97 - -372?
2359
In base 12, what is -2a + 62467?
62439
In base 12, what is -1 + -b17?
-b18
In base 13, what is -21b - 2b3?
-501
In base 2, what is 110000000 - 11100000?
10100000
In base 14, what is -a331 + -8?
-a339
In base 8, what is 1545773 + 4?
1545777
In base 6, what is -1 + 233244?
233243
In base 4, what is 20001022 + -11?
20001011
In base 10, what is -93 + 6721?
6628
In base 6, what is -3 + 2413034?
2413031
In base 12, what is 24 + 122?
146
In base 3, what is 220212 + -1111212?
-121000
In base 10, what is -2 - -5030?
5028
In base 5, what is 1300 + 3310?
10110
In base 5, what is 3010440313 + 0?
3010440313
In base 15, what is 0 + -8247?
-8247
In base 5, what is 10 + -22402043?
-22402033
In base 2, what is 10001011101111111111111 - 1?
10001011101111111111110
In base 3, what is 11 - -10001121222?
10001122010
In base 8, what is -10410 + -3?
-10413
In base 6, what is -11 - -444103?
444052
In base 3, what is -10 - 1202020212111?
-1202020212121
In base 10, what is 6 - -33837?
33843
In base 6, what is 1102011 + -30?
1101541
In base 12, what is -959 + 44?
-915
In base 2, what is 1110010011100 - -10011001?
1110100110101
In base 13, what is 4 - 18617?
-18613
In base 15, what is 2 + 3bb73?
3bb75
In base 2, what is 101100000010 - -10?
101100000100
In base 7, what is 1014 - 6?
1005
In base 11, what is 1241 - -24?
1265
In base 13, what is 21488b - -4?
214892
In base 9, what is 243343 - 1?
243342
In base 16, what is -22dbb0 - -2?
-22dbae
In base 6, what is -54 + -424?
-522
In base 13, what is -2a7b9 - 2?
-2a7bb
In base 15, what is 280 - -13?
293
In base 14, what is -d086 - 5?
-d08b
In base 4, what is 0 - 120102030?
-120102030
In base 12, what is -a + -2456?
-2464
In base 6, what is 144 - 24123?
-23535
In base 12, what is b4 + 130?
224
In base 12, what is 2 + -852?
-850
In base 7, what is -1305 - 6634?
-11242
In base 13, what is -1 - -94b0?
94ac
In base 2, what is -11 - 1101011110001010111?
-1101011110001011010
In base 6, what is -2551 + 20324?
13333
In base 15, what is 28e4 - 29?
28ba
In base 4, what is 1 + -1031211213?
-1031211212
In base 4, what is 202132 - 1210?
200322
In base 3, what is 212111202 - -1?
212111210
In base 12, what is -2 - -344342?
344340
In base 3, what is -11 + 1100221000?
1100220212
In base 7, what is 4 + -16003225?
-16003221
In base 9, what is -5 + 11340?
11334
In base 4, what is -120201330 - -13?
-120201311
In base 15, what is -2e3 - -1348?
1055
In base 7, what is -1 - 564?
-565
In base 13, what is 6 - a906?
-a900
In base 4, what is -20110112123 - 1?
-20110112130
In base 15, what is -24 - -b94c?
b928
In base 8, what is -1047 - 2407?
-3456
In base 3, what is 120102 + -110121?
2211
In base 15, what is -35 + 5d?
28
In base 14, what is -202 + 1c1?
-21
In base 11, what is -6 + 19084a?
190844
In base 8, what is 10 + -3651?
-3641
In base 3, what is 10 - 1111222122000?
-1111222121220
In base 4, what is 102332223 - -111?
102333000
In base 7, what is -3 - -26613?
26610
In base 10, what is 6 + 250833?
250839
In base 9, what is 51750 - -11?
51761
In base 5, what is 1034 + -333?
201
In base 3, what is -1011121010 + -20?
-1011121100
In base 10, what is 30 - -9236?
9266
In base 2, what is 10111001100001010011 + 11?
10111001100001010110
In base 16, what is b4af + 3?
b4b2
In base 12, what is 355019 + 4?
355021
In base 15, what is -5600 + 2?
-55ed
In base 14, what is 21b + 929?
b46
In base 11, what is 1 - -15671?
15672
In base 15, what is -20 + -49d6?
-4a06
In base 11, what is -168 - 413?
-580
In base 4, what is -131232 - 121?
-132013
In base 4, what is -11 - -3020323331?
3020323320
In base 5, what is -1 - 130321442?
-130321443
In base 13, what is 14 + -96b1?
-969a
In base 16, what is 1 + -335?
-334
In base 15, what is -21 - 1351?
-1372
In base 5, what is 14 - -2114102?
2114121
In base 9, what is -343 + 2882?
2538
In base 10, what is -98984 - 2?
-98986
In base 14, what is -b5 + 13bc?
1307
In base 14, what is 0 - 3025?
-3025
In base 12, what is 49 - 207aa?
-20761
In base 16, what is 18c - 12?
17a
In base 11, what is -3643 - 5?
-3648
In base 15, what is -4a341 - 5?
-4a346
In base 8, what is 25 + 225361?
225406
In base 10, what is 660 + 53?
713
In base 11, what is -16 + -42?
-58
In base 2, what is 11 + 111111000011100001?
111111000011100100
In base 9, what is -1228 + 11?
-1217
In base 6, what is -10242510 - -30?
-10242440
In base 7, what is -51155 - -35?
-51120
In base 14, what is 4 + -10146?
-10142
In base 11, what is -6 - -2a0?
295
In base 16, what is -5e + 1ef?
191
In base 2, what is -110101001111110 - 100100?
-110101010100010
In base 8, what is 65 - -1345?
1432
In base 6, what is -51540 + -104?
-52044
In base 3, what is -2 + -1020022000?
-1020022002
In base 4, what is 10023130200 + -10?
10023130130
In base 5, what is -332434 + 14?
-332420
In base 4, what is 30133 - -320?
31113
In base 14, what is 6 - 158775?
-15876d
In base 6, what is -350 + -25?
-415
In base 14, what is -1 + -4335?
-4336
In base 16, what is 50 - -68?
b8
In base 8, what is -21 - -365?
344
In base 3, what is -10020 - 1100221110?
-1101001200
In base 9, what is 4 - 1234102?
-1234087
In base 3, what is 220111 - 221?
212120
In base 3, what is 10200 + -10212201211?
-10212121011
In base 2, what is -10100011000 - -110010100110?
11110001110
In base 8, what is -1271 + -16257?
-17550
In base 3, what is -112 + 1112002101?
1112001212
In base 12, what is -a8 - 1039?
-1125
In base 11, what is -13 + 45444?
45431
In base 13, what is c - 2436a?
-2435b
In base 5, what is 1040230 + -3?
1040222
In base 2, what is 101 - 100101011000?
-100101010011
In base 6, what is -22 - 1140035?
-1140101
In base 15, what is -42 - 6c1b?
-6c5d
In base 8, what is -2 - -47767?
47765
In base 12, what is 142 + 3b?
181
In base 3, what is -110002 + 102111?
-121
In base 2, what is 10111000111 + 1000100?
11000001011
In base 10, what is 3 - 28129?
-28126
In base 9, what is -560 - -266?
-283
In base 6, what is 205445 - 122?
205323
In base 13, what is 3a - -654?
691
In base 6, what is -150025 + -230?
-150255
In base 4, what is -102031 - 2311?
-111002
In base 14, what is -73c - -9?
-733
In base 10, what is -16 + 6839?
6823
In base 14, what is 2 + 1731?
1733
In base 9, what is -488650 - 3?
-488653
In base 14, what is -14d7 - 39?
-1532
In base 11, what is -55 + 139a?
1345
In base 15, what is 722 + 5?
727
In base 5, what is 32101 + 1243?
33344
In base 14, what is 566c + 1?
566d
In base 4, what is 1021 + -2220300?
-2213213
In base 2, what is -1001010001110001 + -10011?
-1001010010000100
In base 10, what is 0 + 111658?
111658
In base 5, what is -202144 + -11?
-202210
In base 9, what is 137055 - 4?
137051
In base 2, what is -111100 + 1010101?
11001
In base 6, what is -2540 - 21?
-3001
In base 8, what is 4 + 14026?
14032
In base 16, what is 2c + -d6a?
-d3e
In base 11, what is 31664 - 56?
31609
In base 2, what is -1001100 + -1010101110?
-1011111010
In base 9, what is -63 - 2406?
-2470
In base 16, what is d4 + -8e?
46
In base 2, what is 11101011101110 + -11?
11101011101011
In base 3, what is 0 + -2001211202?
-2001211202
In base 14, what is 58 + 50b8?
5132
In base 11, what is -519 + -486?
-9a4
In base 4, what is 2011103 - 20?
2011023
In base 12, what is 11726a0 - -4?
11726a4
In base 14, what is 265 - -3d8?
65d
In base 11, what is 18532 + 4?
18536
In base 6, what is -1340 + 55?
-1241
In base 10, what is -5 + 18032?
18027
In base 13, what is -191b8 + 4?
-191b4
In base 14, what is -3 + -c651?
-c654
In base 9, what is 212018 + 5?
212024
In base 3, what is 200221 - -2001010?
2202001
In base 12, what is -6 + -335506?
-335510
In base 5, what is 303443 + 224?
304222
In base 9, what is 157 + 6772?
7040
In base 13, what is -34a - -16c?
-1ab
In base 5, what is 14 + 41024?
41043
In base 11, what is -103750a - 2?
-1037511
In base 12, what is -42 + 1588?
1546
In base 16, what is -13 - -a6e?
a5b
In base 15, what is -1 - cc9?
-cca
In base 13, what is -3 - -629b9?
629b6
In base 14, what is 1d760 + 2?
1d762
In base 6, what is -1 + 11540453?
11540452
In base 14, what is 17a7 - -60?
1827
In base 10, what is -5189647 - 1?
-